me factors of v(a).
2, 3
Let o = -43 + 88. Let k = -40 + o. What are the prime factors of k?
5
Let v(b) = -b. Let m(q) = -2*q + 2. Let j(g) = m(g) - 5*v(g). List the prime factors of j(12).
2, 19
Suppose 4*g - 14 = -6. Let s = 39 + -37. Suppose -3*l - s*o - 58 = -6*l, -g*l = -o - 39. What are the prime factors of l?
2, 5
Let j(s) be the first derivative of -s**3/3 - 5*s**2 - 8*s - 5. Let v be j(-9). What are the prime factors of 21*(2 - 1)*v?
3, 7
What are the prime factors of 8102/12 - -1 - (-2)/(-12)?
2, 13
Let k = 51 + -45. Suppose 4*a = k*a - 136. What are the prime factors of a?
2, 17
Let x(i) = 3*i**3 - i**2 + i - 2. Suppose -4*r + 16 = 2*v - r, -2*v + r = 0. Let s be x(v). Suppose -b + s = 7. What are the prime factors of b?
13
Let q = -11 - -18. Let l(m) = 3*m - 17. Let o be l(q). Suppose -o*x + 66 = -18. List the prime factors of x.
3, 7
What are the prime factors of (-2)/(-2)*(-1213)/(-1)?
1213
Let f(w) = 2 + 1 - 11*w**3 - 9*w + 7*w**2 + 10*w**3. Let z be f(6). Let g = 3 - z. What are the prime factors of g?
2, 3
Suppose 0 = -v - 5*x + 417, 299 = -3*v + 3*x + 1550. Let h = -247 + v. What are the prime factors of h?
2, 5, 17
Let j = 4216 - 724. What are the prime factors of j?
2, 3, 97
Let p be 13/65 + (-2)/(10/(-69)). List the prime factors of ((-21)/p)/((-3)/278).
139
Let b(z) = -13*z + z**2 + 21*z - 6 - 5*z. Let d be b(-5). Suppose d*u + 5*w - 29 = 135, -u - 5*w + 56 = 0. What are the prime factors of u?
2, 3
What are the prime factors of (-26603)/(-74) + (9/(-6))/(-3)?
2, 3, 5
Let w be 0 - 0 - -1*2. Let c be (-23316)/(-145) - 12/(-10). Suppose 4*x - c = 2*g, w*x + g - 66 = -3*g. List the prime factors of x.
3, 13
Let g(h) = 2*h**2 - 9*h - 31. Let k be g(13). Suppose 4*c + 3 + k = -3*n, 0 = c - 3*n + 52. Let q = -8 - c. List the prime factors of q.
41
Suppose -94*i - 1376 = -102*i. List the prime factors of i.
2, 43
Let k = 2 + -1. Suppose 48 = -7*x + 4*x. What are the prime factors of (1 + -2)/(k/x)?
2
Let r be 74/12 + 12/(-72). Suppose 0 = r*m - m - 260. What are the prime factors of m?
2, 13
Let z be -6*(0 + 4/(-6)). What are the prime factors of 120/(-2)*z/(-6)?
2, 5
Let b(r) = 7*r**2 + 119*r + 141. What are the prime factors of b(-36)?
3, 31, 53
Let u(f) = 2326*f**2 + 5*f - 6. List the prime factors of u(1).
3, 5, 31
Let g(k) = 2*k**3 - 2*k**2 - 10*k + 2. Let r be g(5). Suppose 5*i - 5*u - 750 = 0, -i + 0*i = u - r. List the prime factors of i.
151
What are the prime factors of 7*(-48)/(-56) - (-6770)/2?
3391
Suppose -29 = s + 14. Let m = s - -76. List the prime factors of m.
3, 11
Let x = 4136 + -2652. What are the prime factors of x?
2, 7, 53
Suppose 12*f - 15552 = 11004. What are the prime factors of f?
2213
Let s(a) = 4*a**3 + 2*a**2 - 2*a + 1. Let m = -13 + 14. Let o be (m/6)/(3/18). List the prime factors of s(o).
5
Let d = 2854 - 1874. List the prime factors of d.
2, 5, 7
Let h(n) = n**2 - 29*n + 287. List the prime factors of h(42).
7, 17
Suppose 0 = 19*u - 23580 + 552. What are the prime factors of u?
2, 3, 101
Let y(s) = -25*s + 6. Let d be y(-6). Suppose d = 4*b + 4*g - 80, 0 = 5*b - 3*g - 319. What are the prime factors of 0 - b/(1 - 3)?
31
Suppose 2*l - 8 = -0*l. Suppose -m - l = -10. Suppose 0 = w - 4 - m. List the prime factors of w.
2, 5
List the prime factors of 30/(-45) + 2 + (-4547)/(-3).
37, 41
Let q be 5/5*(134 - -2). Suppose -z + q = w, 6*z - z - 136 = -w. What are the prime factors of w?
2, 17
List the prime factors of 12/((-894)/228 + 4).
2, 19
Let h(c) = -67*c + 41. List the prime factors of h(-38).
13, 199
Let a(n) = -n**2 + 56. Let t be a(0). Let w = 82 - t. List the prime factors of w.
2, 13
Let d(b) = -2*b**2 - 4*b - 10. Let v be d(-6). Let c = -39 - v. List the prime factors of c.
19
Let p = -1209 - -2101. List the prime factors of p.
2, 223
Let w be (-1)/(2 - 1) + -41. Let x = w - -87. Suppose j - 3 = 0, -4*f + x = -2*j - 3*j. What are the prime factors of f?
3, 5
Let w(i) = i**3 - 5*i**2 + 3*i + 1. Suppose 2*f = -5*u + 1, 0 = -2*u + 6*u + 4*f + 4. Let o = u - -4. List the prime factors of w(o).
2
Let u be (-6)/(2*(-6)/8). Let z(t) = 27*t + 13. Let c be z(6). Suppose c = u*i + i. What are the prime factors of i?
5, 7
Let p be (3 - (4 + -2))/1. Suppose -6*y - p = -19. List the prime factors of (-4)/(y + 1) - -48.
47
List the prime factors of (30/60)/(4/24096).
2, 3, 251
Let p(v) = 3 + 4*v**3 - 5 + 1 + v**3 - v**2 + v. Let x be p(1). Suppose -87 = -x*g + g. What are the prime factors of g?
29
List the prime factors of -10491*-1*5/15.
13, 269
Let h be ((-530)/5)/(1 - -1). Let z = 5 - h. Let b = z + -31. List the prime factors of b.
3
Suppose -119 = -4*d - m + 4, -152 = -5*d - 3*m. Let t = d - 28. Suppose -z = 5*w - 39, -2*z + 7*z = -w + t. List the prime factors of w.
2
Suppose -30 = -5*g - 3*u, 2*u - 15 - 9 = -4*g. Suppose 27 = -g*h - 9. What are the prime factors of h/(-4)*(-636)/(-18)?
53
Suppose -1 = -3*w + 2*u + 1, 4*w - u - 1 = 0. Suppose -4*a - 530 + 1586 = w. List the prime factors of a.
2, 3, 11
Let m = 295 + 27. What are the prime factors of m?
2, 7, 23
Suppose 17*q - 16*q = -13. Let p = -8 - q. Suppose 0*h + 40 = p*h. What are the prime factors of h?
2
Let r(c) = 11*c + 102. List the prime factors of r(25).
13, 29
Let y = 6306 + -2137. List the prime factors of y.
11, 379
Suppose 2*h + 3 + 17 = 0. Let u(w) = 1 + 2*w + 13*w - 34*w**2 + 36*w**2. What are the prime factors of u(h)?
3, 17
Let v(x) = x**2 - 2*x - 3. Suppose -2*c - 1 = -5. Suppose -3*l + 9 = 2*s + 25, c*l + 24 = -4*s. List the prime factors of v(s).
2
Let o = -37 - 14. Let a = -20 - o. List the prime factors of a.
31
Suppose -29*x = -31*x + 172. Suppose -4*w = -x - 174. List the prime factors of w.
5, 13
Let g(v) = v**2 - 3*v + 5. Let c be g(4). Let l(q) = -c*q + 0*q + 2*q + 6. List the prime factors of l(-4).
2, 17
What are the prime factors of ((-2)/1)/(1*20/(-7010))?
701
Suppose 31320 = 146*b - 131*b. List the prime factors of b.
2, 3, 29
Suppose -11 = 4*r - u, 6*r + 4*u = 2*r - 16. What are the prime factors of 25*7/((-7)/r)?
3, 5
Let i(n) = -n**2 - 9*n - 2. Let m be i(-5). Suppose -b + 57 - m = 0. What are the prime factors of b?
3, 13
Suppose 6*f + 16 = 2*f. Let l be (-4)/((-1)/(f/2)). List the prime factors of ((-85)/(-20))/((-1)/l).
2, 17
Let u(q) = -16*q - 10. List the prime factors of u(-30).
2, 5, 47
Suppose 31578 + 19812 = 30*q. List the prime factors of q.
3, 571
Let d(a) = -18 + 21*a**2 + 7 + 9 - a. Let v be d(2). Suppose -5*i = -10*i + v. What are the prime factors of i?
2
Suppose 4 = -r + 4*p - 12, 4 = -4*r + p. Let o(s) be the first derivative of s**4/4 - s**3/3 - s**2/2 + 4*s + 1. List the prime factors of o(r).
2
List the prime factors of (-76)/190 - 13017/(-5).
19, 137
Let z be (-4)/(-1) - (-83 + 11). Suppose -z = 2*f - 292. List the prime factors of f.
2, 3
Let o = 40 - 29. Let t(m) = -m**3 + 11*m**2 - m + 16. Let a be t(o). Suppose a - 115 = -5*s. List the prime factors of s.
2, 11
Let b(t) = 5*t - 1. Let q be b(1). Suppose -276 = -4*c + q*h, -3*h = -c - 7*h + 84. What are the prime factors of c?
2, 3
Let h(p) = 75*p**2 - 25*p - 58. What are the prime factors of h(-3)?
2, 173
Let r(j) = 5*j**3 - j. Let l be r(1). Suppose -4*k = 9*b - 4*b - 36, -18 = -2*k + l*b. Suppose k*h - 120 = 4*h. List the prime factors of h.
2, 3
Let i = -248 - 11. Let b = i + 412. List the prime factors of b.
3, 17
Suppose 3*i = 9*i - 456. List the prime factors of i.
2, 19
Suppose p = 2*x - 49, 0 = -4*x + 4*p - 41 + 141. Let b = x - 15. What are the prime factors of b?
3
Let x = 21 - 21. Suppose 68*m - 73*m + 145 = x. What are the prime factors of m?
29
Let p(b) be the third derivative of -b**6/120 + b**5/10 + 5*b**4/12 - 5*b**3/6 + 6*b**2. List the prime factors of p(7).
2
Suppose 53 = h + 2*i, -h + 3*i = 2*h - 123. List the prime factors of 3*(-5)/h*-39.
13
Let l(h) = 4*h**3 - 2*h**2 + 5*h + 3. Let z = -79 - -81. List the prime factors of l(z).
37
Suppose 0 = 39*y - 4643 - 6823. What are the prime factors of y?
2, 3, 7
Suppose -4*p = -3*p. Suppose 4*m - 3*q - 100 = p, 20 = -4*q + 4. List the prime factors of 62/m - 6/(-33).
3
Let t be 9/15 + 904/10. Suppose p - 14 = t. Suppose 3*l + 4*o - p = -o, -140 = -4*l - 4*o. List the prime factors of l.
5, 7
Let t(h) = h**2 - 4*h + 4. Let c be t(15). Suppose 3*z + 4*j - 88 = 0, 4*z + 